= b*z - 9*z + 162, -5*z = -a - 44. Let k = a - -108. List the prime factors of k.
7
Suppose y - 3*f = 196, 0*y - 560 = -3*y + 2*f. Let g be 2/((-364)/y - -2). Suppose -304 = -4*a - g. List the prime factors of a.
53
Let r = 637 - -1504. What are the prime factors of r?
2141
Let o = 443 + -97. What are the prime factors of o?
2, 173
Let k(t) be the second derivative of t**5/20 + 3*t**4/4 + 3*t**3/2 + 9*t**2/2 - 3*t. List the prime factors of k(-7).
2, 11
Let h(r) be the first derivative of r**2 - 32*r + 9. List the prime factors of h(20).
2
Let i(q) = q**3 - 13*q**2 + 13*q + 14. Let t be (-2)/(-2) - (-2 + 2). Let v be -3 + 30*t/2. List the prime factors of i(v).
2, 13
Let k be 1*99/15 + (-4)/(-10). Suppose 0 = 4*o + 5*m - 441, -6*o = -k*o - 2*m + 108. List the prime factors of o.
2, 3, 19
Let r be (6 - (-1 + 4))*-6. Let z be (0/(-1))/(r/(-6)). Suppose 2*c = 2*w - 5*w + 92, z = 4*c + 5*w - 188. What are the prime factors of c?
2, 13
Suppose -188 = -2*x - 2*q, x - 6*x + 458 = 2*q. Let s = -46 + x. Let u = s - 26. List the prime factors of u.
2, 3
Suppose 7*p + 38 + 39 = 0. Let q be 2/(-8) - 81/(-4). List the prime factors of q/4*p/(-5).
11
Let m(f) = f - 13. Let l be m(14). Let g(b) = l + b**3 - b**2 + 2 - 5*b - 3*b**2 - 5. What are the prime factors of g(6)?
2, 5
Let z(l) be the second derivative of 7*l**4/6 - l**3/3 + 4*l**2 - 36*l. What are the prime factors of z(3)?
2
Let d(r) be the second derivative of -1/2*r**2 + 0 + 7*r + 7/6*r**3. What are the prime factors of d(4)?
3
Let g = 10 + -6. Suppose 5*d - 984 = d. Suppose 0 = -10*c + g*c + d. List the prime factors of c.
41
Let z be (-8)/(-20) + (-736)/(-10). Suppose z = 2*s + 4*p, s + 0*p = -4*p + 45. What are the prime factors of s?
29
Suppose -3*k - 2 = -11. Suppose 2*b = -3*j + 52, k*j - j = -5*b + 130. What are the prime factors of b?
2, 13
Let j = -50 + 72. What are the prime factors of j/2*(2 - 0/2)?
2, 11
Suppose 5 = -c + 7. Suppose 2*a = 5*a + 2*n - 116, -4*n + 72 = 2*a. Suppose a = c*v + 2*v. List the prime factors of v.
2, 5
What are the prime factors of ((488/(-3))/1)/(1/(-6))?
2, 61
Let r be (0 + 2 + 4)/(-2). Let x = 6 + r. Suppose -x*i = 5*f - 85, -4*f - 50 = 3*i - 139. What are the prime factors of i?
5, 7
Suppose 1311 = y - 3*o - 723, 5*y - 2*o = 10235. List the prime factors of y.
3, 683
Let a = 1542 + -652. What are the prime factors of a?
2, 5, 89
Let z(f) = f**3 - 18*f**2 - 15*f - 7. Let y be 0 - (-1 - 2 - 16)/1. What are the prime factors of z(y)?
3, 23
Let n = -67 + 33. Let y = -27 - n. List the prime factors of y.
7
Suppose -49 = u - 7. Let r be (-4 - -1 - -2) + 1 + -4. What are the prime factors of (-2)/r + u/(-12)?
2
Let j = 14 + -12. Suppose j*y - 9 = -1. Suppose f - 2*f - 99 = -y*u, 3*f = -4*u + 87. What are the prime factors of u?
2, 3
Let y = 1660 + -387. List the prime factors of y.
19, 67
Suppose 1378 = c + 190. List the prime factors of c.
2, 3, 11
Let n(d) = 2*d**2 + 19*d + 7. Let g(l) = -l**2 - 10*l - 3. Let a(r) = -5*g(r) - 3*n(r). What are the prime factors of a(-4)?
2, 3
Let q(p) = -p**2 + 10*p + 4. Let c be q(10). Suppose c*b - 2*b = 58. What are the prime factors of b?
29
Suppose 177 = 13*p - 200. What are the prime factors of p?
29
Let m(d) = -9*d - 1. Let c(a) = a**2 - 1. Let f be c(-2). Let l be m(f). Let w = l - -53. List the prime factors of w.
5
Let u = -20 + 25. Suppose 4*c = -u*c + 351. List the prime factors of c.
3, 13
Let s be (-4)/16 - 2868/(-16). Suppose 4 - s = -5*k. What are the prime factors of k?
5, 7
Let w = -125 + 22. Let c = 237 + w. Suppose -2*b = 2*q - c, -32 = -q - 2*b + 36. List the prime factors of q.
2, 3, 11
Let t(w) = -w**3 + 24*w**2 - 24*w + 27. Let q be t(23). Suppose -h = q*h - 85. List the prime factors of h.
17
Let j be -2 - 7*(-3)/(-3). Let i be 2/j - 8195/99. Let t = i + 146. What are the prime factors of t?
3, 7
Let v = 32 - 28. Let m = 75 + v. List the prime factors of m.
79
Let q = 7 + -5. Let d(n) = -n**3 + 5 - 7 - 12*n**q - 13*n - 1. What are the prime factors of d(-11)?
19
Let u(d) = 275*d - 61. List the prime factors of u(3).
2, 191
Let c(h) = 2*h. Let n be -3 + (5 + 3 - 2). Let o be c(n). List the prime factors of ((-2)/o)/((-4)/60).
5
Let g(f) = -11*f + 64. What are the prime factors of g(-19)?
3, 7, 13
Let u be 1 + 1428/(-13) - 4/26. List the prime factors of (u/4)/(3/(-12)).
109
Let p(b) = b**3 + 9*b**2 - 3*b + 15. Suppose -40 = -3*u + 8*u - c, 32 = -4*u + 2*c. What are the prime factors of p(u)?
103
Let d(y) = 28*y**2 - 5*y - 1. List the prime factors of d(5).
2, 337
Suppose -345 = -5*y - 0*y. Let f = y - -91. What are the prime factors of f?
2, 5
Suppose -3824 = -3*p - 4*q, 0*p - 5*p - 2*q = -6378. What are the prime factors of p?
2, 11, 29
Suppose 160 = -0*b + 4*b - 2*v, -4*b - 5*v = -174. Suppose -t + b = 15. What are the prime factors of t?
2, 13
Let l be 0/(8/(-2) + 2). Suppose l = c, 0 = -2*u + 4*c - 2*c + 116. List the prime factors of u.
2, 29
Suppose 10*x + 310 = -5*c + 5*x, 5*c + 340 = x. Let w = c + 87. What are the prime factors of w?
2, 5
Let u(n) = 11*n**2 + 8*n + 1. Let w(x) = -12*x**2 - 9*x - 2. Let v(y) = 5*u(y) + 4*w(y). Let b be v(3). Let h = b + -14. List the prime factors of h.
2, 29
Suppose -21 = 5*b + 4*c + 10, -3 = 5*b - 3*c. What are the prime factors of (-3 - b) + (2 - -31)?
3, 11
Let p(j) be the first derivative of j**4/4 + 2*j**3/3 - j**2/2 + 3*j - 21. What are the prime factors of p(4)?
5, 19
Suppose 2*v - 6 = 0, 5*u + 2*v + 3*v = 3135. Let n = u - 114. What are the prime factors of n/16 - 2/(-16)?
2
Let l(n) = -2*n + 86*n**2 + 0 + 1 + 0. List the prime factors of l(1).
5, 17
List the prime factors of (5572/(-35))/((-8)/(-60)*-3).
2, 199
Let l(u) be the second derivative of -u**5/20 - 5*u**4/12 + u**3/3 + 3*u**2/2 + 8*u. Let w be l(-6). Suppose 3*y = w + 21. List the prime factors of y.
2
Let y be (-9)/6 - (-846)/4. Let i = y - 98. List the prime factors of i.
2, 7
Suppose -1078*c - 682 = -1079*c. What are the prime factors of c?
2, 11, 31
Let t = -8 + 10. Let f = -2 + t. Suppose 0 = -3*g, f = 2*k - 0*k - 3*g - 50. List the prime factors of k.
5
Let i(u) = -2*u**2 - 2*u - 5. Let p be i(-4). Let h = p + 91. List the prime factors of h.
2, 31
List the prime factors of 3 + (-4)/3 - (-4702)/3.
3, 523
Let n(w) be the first derivative of 13*w**2/2 - 63*w - 29. List the prime factors of n(14).
7, 17
List the prime factors of 38/57 + 2264/6.
2, 3, 7
What are the prime factors of (4/6)/((-19)/(909777/(-22)))?
1451
Suppose 4*h = 5*f - 87, 3*f + h - 8 = 51. Suppose 0 = -f*a + 16*a + 429. What are the prime factors of a?
11, 13
Suppose -17*l + 3*l + 4942 = 0. List the prime factors of l.
353
Suppose 11*f - 2819 - 2362 = 0. List the prime factors of f.
3, 157
Let o(p) = -7*p + 408. Let a be o(0). Let y = a - 214. What are the prime factors of y?
2, 97
Suppose l - 4773 = -3174. List the prime factors of l.
3, 13, 41
Suppose 7*a - 361 = 1914. What are the prime factors of a?
5, 13
Let u be (1/(-2))/((-2)/404). Let f = u - 72. Suppose 2*a = f + 3. What are the prime factors of a?
2
Let y(t) = 1413*t**3 + 8*t**2 - 9*t + 2. List the prime factors of y(1).
2, 7, 101
Let g be (-3 + -1)*51/(-6). What are the prime factors of (4/(-6))/(g/(-969))?
19
Let z(c) = -3*c - 1. Let v be z(-1). Let y be 12 + (v - 1) + -3. Let w = y - -8. What are the prime factors of w?
2, 3
Let b be (-5976)/(-15) - (-6)/(-15). Let p = b + -269. Suppose 0 = -3*q + 2*x + 103, 2*x + p + 40 = 5*q. List the prime factors of q.
3, 11
Let w = 5798 + -2859. List the prime factors of w.
2939
Let a = 530 - 512. List the prime factors of a.
2, 3
Let s(w) = -w**2 + 2*w + 3. Let d be s(-2). Let h = -98 - -86. Let y = d - h. List the prime factors of y.
7
Let m(p) = 222*p**2 + 10*p - 1. What are the prime factors of m(2)?
907
Suppose -9942 = -3*m - 5*f, -4*m - 5*f + 5381 + 7870 = 0. What are the prime factors of m?
3, 1103
Let c(m) = -4*m - 9. Let p be c(-9). Suppose p = 6*f + 9. Suppose 3*j - 30 = -5*w, f*j + 2*w + 2*w - 33 = 0. What are the prime factors of j?
3, 5
Let u(z) = -20*z**2 + 34*z**2 - 12*z + 12 - 12*z**2. What are the prime factors of u(5)?
2
Let a be (80/28)/(-2 + (-32)/(-14)). Suppose s + i + 0*i = 42, 0 = 2*i + a. List the prime factors of s.
47
Let y(c) = 78*c**2 + 52*c - 11. What are the prime factors of y(8)?
3, 7, 2